ed by 14.
10
Calculate the remainder when 7419 is divided by 53.
52
Calculate the remainder when 130 is divided by 39.
13
Calculate the remainder when 50 is divided by 38.
12
What is the remainder when 193 is divided by 100?
93
Calculate the remainder when 1514 is divided by 191.
177
Calculate the remainder when 993 is divided by 306.
75
What is the remainder when 663 is divided by 130?
13
What is the remainder when 2371 is divided by 27?
22
Calculate the remainder when 1169 is divided by 63.
35
Calculate the remainder when 1274 is divided by 22.
20
What is the remainder when 1195 is divided by 584?
27
Calculate the remainder when 267 is divided by 28.
15
What is the remainder when 479 is divided by 29?
15
Calculate the remainder when 201 is divided by 41.
37
What is the remainder when 1149 is divided by 16?
13
What is the remainder when 57 is divided by 48?
9
Calculate the remainder when 260 is divided by 87.
86
What is the remainder when 91 is divided by 17?
6
Calculate the remainder when 76 is divided by 24.
4
Calculate the remainder when 35 is divided by 3.
2
What is the remainder when 308 is divided by 90?
38
What is the remainder when 7249 is divided by 74?
71
What is the remainder when 431 is divided by 31?
28
Calculate the remainder when 531 is divided by 67.
62
What is the remainder when 161 is divided by 33?
29
What is the remainder when 196 is divided by 60?
16
Calculate the remainder when 230 is divided by 52.
22
What is the remainder when 468 is divided by 10?
8
What is the remainder when 13864 is divided by 49?
46
Calculate the remainder when 1217 is divided by 82.
69
What is the remainder when 1276 is divided by 215?
201
What is the remainder when 5165 is divided by 76?
73
What is the remainder when 14 is divided by 11?
3
Calculate the remainder when 286 is divided by 65.
26
Calculate the remainder when 398 is divided by 121.
35
What is the remainder when 1505 is divided by 255?
230
What is the remainder when 827 is divided by 259?
50
Calculate the remainder when 394 is divided by 50.
44
Calculate the remainder when 61 is divided by 17.
10
What is the remainder when 365 is divided by 17?
8
Calculate the remainder when 434 is divided by 23.
20
What is the remainder when 410 is divided by 81?
5
What is the remainder when 16799 is divided by 168?
167
What is the remainder when 268 is divided by 27?
25
What is the remainder when 113 is divided by 51?
11
What is the remainder when 326 is divided by 23?
4
What is the remainder when 2562 is divided by 321?
315
Calculate the remainder when 391 is divided by 33.
28
Calculate the remainder when 141 is divided by 28.
1
What is the remainder when 428 is divided by 22?
10
Calculate the remainder when 13436 is divided by 40.
36
Calculate the remainder when 8665 is divided by 787.
8
Calculate the remainder when 1011 is divided by 92.
91
Calculate the remainder when 130 is divided by 22.
20
Calculate the remainder when 93 is divided by 36.
21
What is the remainder when 34 is divided by 19?
15
What is the remainder when 263 is divided by 39?
29
What is the remainder when 42702 is divided by 136?
134
What is the remainder when 1004 is divided by 4?
0
Calculate the remainder when 381 is divided by 3.
0
Calculate the remainder when 1078 is divided by 33.
22
Calculate the remainder when 143 is divided by 2.
1
What is the remainder when 4613 is divided by 244?
221
What is the remainder when 1386 is divided by 231?
0
What is the remainder when 351 is divided by 46?
29
What is the remainder when 814 is divided by 40?
14
What is the remainder when 130 is divided by 66?
64
What is the remainder when 286 is divided by 36?
34
What is the remainder when 761 is divided by 733?
28
Calculate the remainder when 318 is divided by 94.
36
What is the remainder when 385 is divided by 3?
1
What is the remainder when 7292 is divided by 11?
10
What is the remainder when 294 is divided by 99?
96
Calculate the remainder when 350 is divided by 24.
14
Calculate the remainder when 18 is divided by 11.
7
What is the remainder when 444 is divided by 144?
12
Calculate the remainder when 101 is divided by 45.
11
Calculate the remainder when 3415 is divided by 201.
199
Calculate the remainder when 161 is divided by 84.
77
What is the remainder when 26 is divided by 3?
2
Calculate the remainder when 456 is divided by 146.
18
What is the remainder when 578 is divided by 82?
4
What is the remainder when 3086 is divided by 129?
119
What is the remainder when 98 is divided by 25?
23
What is the remainder when 175 is divided by 14?
7
What is the remainder when 2901 is divided by 22?
19
What is the remainder when 115 is divided by 26?
11
Calculate the remainder when 3519 is divided by 88.
87
Calculate the remainder when 585 is divided by 89.
51
Calculate the remainder when 8923 is divided by 21.
19
What is the remainder when 208 is divided by 19?
18
Calculate the remainder when 3704 is divided by 206.
202
Calculate the remainder when 372 is divided by 89.
16
What is the remainder when 4090 is divided by 13?
8
Calculate the remainder when 429 is divided by 48.
45
Calculate the remainder when 40 is divided by 14.
12
What is the remainder when 54 is divided by 24?
6
What is the remainder when 5753 is divided by 42?
41
Calculate the remainder when 115 is divided by 3.
1
What is the remainder when 134 is divided by 37?
23
What is the remainder when 44926 is divided by 144?
142
Calculate the remainder when 524 is divided by 167.
23
What is the remainder when 225 is divided by 74?
3
What is the remainder when 4792 is divided by 47?
45
What is the remainder when 1459 is divided by 39?
16
What is the remainder when 293 is divided by 59?
57
Calculate the remainder when 1510 is divided by 37.
30
Calculate the remainder when 498 is divided by 246.
6
What is the remainder when 303 is divided by 44?
39
What is the remainder when 227 is divided by 52?
19
What is the remainder when 3802 is divided by 119?
113
Calculate the remainder when 118 is divided by 30.
28
Calculate the remainder when 612 is divided by 45.
27
What is the remainder when 569 is divided by 14?
9
What is the remainder when 237 is divided by 7?
6
What is the remainder when 1695 is divided by 7?
1
Calculate the remainder when 111 is divided by 93.
18
What is the remainder when 2457 is divided by 818?
3
Calculate the remainder when 791 is divided by 44.
43
Calculate the remainder when 1595 is divided by 18.
11
Calculate the remainder when 61 is divided by 28.
5
What is the remainder when 534 is divided by 77?
72
Calculate the remainder when 1910 is divided by 626.
32
What is the remainder when 9374 is divided by 32?
30
What is the remainder when 51 is divided by 15?
6
What is the remainder when 285 is divided by 41?
39
Calculate the remainder when 150 is divided by 29.
5
Calculate the remainder when 100 is divided by 17.
15
Calculate the remainder when 92 is divided by 30.
2
Calculate the remainder when 1583 is divided by 6.
5
What is the remainder when 1143 is divided by 48?
39
What is the remainder when 26 is divided by 6?
2
What is the remainder when 55 is divided by 15?
10
What is the remainder when 131 is divided by 23?
16
Calculate the remainder when 99 is divided by 29.
12
Calculate the remainder when 1973 is divided by 38.
35
What is the remainder when 284 is divided by 26?
24
What is the remainder when 64 is divided by 13?
12
Calculate the remainder when 41631 is divided by 257.
254
Calculate the remainder when 109 is divided by 88.
21
Calculate the remainder when 659 is divided by 6.
5
What is the remainder when 95 is divided by 5?
0
What is the remainder when 146 is divided by 34?
10
What is the remainder when 5573 is divided by 5569?
4
What is the remainder when 1863 is divided by 611?
30
What is the remainder when 98 is divided by 9?
8
Calculate the remainder when 69 is divided by 12.
9
What is the remainder when 143 is divided by 18?
17
What is the remainder when 871 is divided by 83?
41
Calculate the remainder when 1047 is divided by 33.
24
What is the remainder when 148 is divided by 25?
23
What is the remainder when 1298 is divided by 62?
58
Calculate the remainder when 14334 is divided by 112.
110
Calculate the remainder when 4197 is divided by 12.
9
Calculate t